{"id":17518,"date":"2025-06-10T11:47:17","date_gmt":"2025-06-10T09:56:20","guid":{"rendered":"https:\/\/regio10.hu\/?post_type=product&#038;p=17518"},"modified":"2025-08-15T15:53:54","modified_gmt":"2025-08-15T13:53:54","slug":"27th-international-conference-on-speech-and-computer-specom-2025","status":"publish","type":"product","link":"https:\/\/regio10.hu\/en\/rendezveny\/27th-international-conference-on-speech-and-computer-specom-2025\/","title":{"rendered":"27th International Conference on Speech and Computer SPECOM 2025"},"content":{"rendered":"","protected":false},"excerpt":{"rendered":"","protected":false},"featured_media":3208,"template":"","meta":[],"product_cat":[68,64],"product_tag":[69,86],"acf":[],"yoast_head":"<!-- This site is optimized with the Yoast SEO plugin v18.1 - https:\/\/yoast.com\/wordpress\/plugins\/seo\/ -->\n<meta name=\"robots\" content=\"index, follow, max-snippet:-1, max-image-preview:large, max-video-preview:-1\" \/>\n<link rel=\"canonical\" href=\"https:\/\/regio10.hu\/en\/rendezveny\/27th-international-conference-on-speech-and-computer-specom-2025\/\" \/>\n<meta property=\"og:locale\" content=\"en_US\" \/>\n<meta property=\"og:type\" content=\"article\" \/>\n<meta property=\"og:title\" content=\"27th International Conference on Speech and Computer SPECOM 2025 - R\u00e9gi\u00f3-10 Kft.\" \/>\n<meta property=\"og:url\" content=\"https:\/\/regio10.hu\/en\/rendezveny\/27th-international-conference-on-speech-and-computer-specom-2025\/\" \/>\n<meta property=\"og:site_name\" content=\"R\u00e9gi\u00f3-10 Kft.\" \/>\n<meta property=\"article:modified_time\" content=\"2025-08-15T13:53:54+00:00\" \/>\n<meta property=\"og:image\" content=\"http:\/\/regio10.hu\/wp-content\/uploads\/2022\/03\/novotel2.jpg\" \/>\n\t<meta property=\"og:image:width\" content=\"400\" \/>\n\t<meta property=\"og:image:height\" content=\"265\" \/>\n\t<meta property=\"og:image:type\" content=\"image\/jpeg\" \/>\n<meta name=\"twitter:card\" content=\"summary_large_image\" \/>\n<script type=\"application\/ld+json\" class=\"yoast-schema-graph\">{\"@context\":\"https:\/\/schema.org\",\"@graph\":[{\"@type\":\"WebSite\",\"@id\":\"https:\/\/regio10.hu\/#website\",\"url\":\"https:\/\/regio10.hu\/\",\"name\":\"R\u00e9gi\u00f3-10 Kft.\",\"description\":\"Rendezv\u00e9nyszervez\u00e9s Szegeden \u00e9s az eg\u00e9sz orsz\u00e1gban\",\"potentialAction\":[{\"@type\":\"SearchAction\",\"target\":{\"@type\":\"EntryPoint\",\"urlTemplate\":\"https:\/\/regio10.hu\/?s={search_term_string}\"},\"query-input\":\"required name=search_term_string\"}],\"inLanguage\":\"en-US\"},{\"@type\":\"ImageObject\",\"@id\":\"https:\/\/regio10.hu\/en\/rendezveny\/27th-international-conference-on-speech-and-computer-specom-2025\/#primaryimage\",\"inLanguage\":\"en-US\",\"url\":\"https:\/\/regio10.hu\/wp-content\/uploads\/2022\/03\/novotel2.jpg\",\"contentUrl\":\"https:\/\/regio10.hu\/wp-content\/uploads\/2022\/03\/novotel2.jpg\",\"width\":400,\"height\":265},{\"@type\":\"WebPage\",\"@id\":\"https:\/\/regio10.hu\/en\/rendezveny\/27th-international-conference-on-speech-and-computer-specom-2025\/#webpage\",\"url\":\"https:\/\/regio10.hu\/en\/rendezveny\/27th-international-conference-on-speech-and-computer-specom-2025\/\",\"name\":\"27th International Conference on Speech and Computer SPECOM 2025 - R\u00e9gi\u00f3-10 Kft.\",\"isPartOf\":{\"@id\":\"https:\/\/regio10.hu\/#website\"},\"primaryImageOfPage\":{\"@id\":\"https:\/\/regio10.hu\/en\/rendezveny\/27th-international-conference-on-speech-and-computer-specom-2025\/#primaryimage\"},\"datePublished\":\"2025-06-10T09:56:20+00:00\",\"dateModified\":\"2025-08-15T13:53:54+00:00\",\"breadcrumb\":{\"@id\":\"https:\/\/regio10.hu\/en\/rendezveny\/27th-international-conference-on-speech-and-computer-specom-2025\/#breadcrumb\"},\"inLanguage\":\"en-US\",\"potentialAction\":[{\"@type\":\"ReadAction\",\"target\":[\"https:\/\/regio10.hu\/en\/rendezveny\/27th-international-conference-on-speech-and-computer-specom-2025\/\"]}]},{\"@type\":\"BreadcrumbList\",\"@id\":\"https:\/\/regio10.hu\/en\/rendezveny\/27th-international-conference-on-speech-and-computer-specom-2025\/#breadcrumb\",\"itemListElement\":[{\"@type\":\"ListItem\",\"position\":1,\"name\":\"Aktu\u00e1lis nemzetk\u00f6zi\",\"item\":\"https:\/\/regio10.hu\/termekkategoria\/aktualis-nemzetkozi\/\"},{\"@type\":\"ListItem\",\"position\":2,\"name\":\"27th International Conference on Speech and Computer SPECOM 2025\"}]}]}<\/script>\n<!-- \/ Yoast SEO plugin. -->","yoast_head_json":{"robots":{"index":"index","follow":"follow","max-snippet":"max-snippet:-1","max-image-preview":"max-image-preview:large","max-video-preview":"max-video-preview:-1"},"canonical":"https:\/\/regio10.hu\/en\/rendezveny\/27th-international-conference-on-speech-and-computer-specom-2025\/","og_locale":"en_US","og_type":"article","og_title":"27th International Conference on Speech and Computer SPECOM 2025 - R\u00e9gi\u00f3-10 Kft.","og_url":"https:\/\/regio10.hu\/en\/rendezveny\/27th-international-conference-on-speech-and-computer-specom-2025\/","og_site_name":"R\u00e9gi\u00f3-10 Kft.","article_modified_time":"2025-08-15T13:53:54+00:00","og_image":[{"width":400,"height":265,"url":"http:\/\/regio10.hu\/wp-content\/uploads\/2022\/03\/novotel2.jpg","type":"image\/jpeg"}],"twitter_card":"summary_large_image","schema":{"@context":"https:\/\/schema.org","@graph":[{"@type":"WebSite","@id":"https:\/\/regio10.hu\/#website","url":"https:\/\/regio10.hu\/","name":"R\u00e9gi\u00f3-10 Kft.","description":"Rendezv\u00e9nyszervez\u00e9s Szegeden \u00e9s az eg\u00e9sz orsz\u00e1gban","potentialAction":[{"@type":"SearchAction","target":{"@type":"EntryPoint","urlTemplate":"https:\/\/regio10.hu\/?s={search_term_string}"},"query-input":"required name=search_term_string"}],"inLanguage":"en-US"},{"@type":"ImageObject","@id":"https:\/\/regio10.hu\/en\/rendezveny\/27th-international-conference-on-speech-and-computer-specom-2025\/#primaryimage","inLanguage":"en-US","url":"https:\/\/regio10.hu\/wp-content\/uploads\/2022\/03\/novotel2.jpg","contentUrl":"https:\/\/regio10.hu\/wp-content\/uploads\/2022\/03\/novotel2.jpg","width":400,"height":265},{"@type":"WebPage","@id":"https:\/\/regio10.hu\/en\/rendezveny\/27th-international-conference-on-speech-and-computer-specom-2025\/#webpage","url":"https:\/\/regio10.hu\/en\/rendezveny\/27th-international-conference-on-speech-and-computer-specom-2025\/","name":"27th International Conference on Speech and Computer SPECOM 2025 - R\u00e9gi\u00f3-10 Kft.","isPartOf":{"@id":"https:\/\/regio10.hu\/#website"},"primaryImageOfPage":{"@id":"https:\/\/regio10.hu\/en\/rendezveny\/27th-international-conference-on-speech-and-computer-specom-2025\/#primaryimage"},"datePublished":"2025-06-10T09:56:20+00:00","dateModified":"2025-08-15T13:53:54+00:00","breadcrumb":{"@id":"https:\/\/regio10.hu\/en\/rendezveny\/27th-international-conference-on-speech-and-computer-specom-2025\/#breadcrumb"},"inLanguage":"en-US","potentialAction":[{"@type":"ReadAction","target":["https:\/\/regio10.hu\/en\/rendezveny\/27th-international-conference-on-speech-and-computer-specom-2025\/"]}]},{"@type":"BreadcrumbList","@id":"https:\/\/regio10.hu\/en\/rendezveny\/27th-international-conference-on-speech-and-computer-specom-2025\/#breadcrumb","itemListElement":[{"@type":"ListItem","position":1,"name":"Aktu\u00e1lis nemzetk\u00f6zi","item":"https:\/\/regio10.hu\/termekkategoria\/aktualis-nemzetkozi\/"},{"@type":"ListItem","position":2,"name":"27th International Conference on Speech and Computer SPECOM 2025"}]}]}},"_links":{"self":[{"href":"https:\/\/regio10.hu\/en\/wp-json\/wp\/v2\/product\/17518"}],"collection":[{"href":"https:\/\/regio10.hu\/en\/wp-json\/wp\/v2\/product"}],"about":[{"href":"https:\/\/regio10.hu\/en\/wp-json\/wp\/v2\/types\/product"}],"version-history":[{"count":21,"href":"https:\/\/regio10.hu\/en\/wp-json\/wp\/v2\/product\/17518\/revisions"}],"predecessor-version":[{"id":17991,"href":"https:\/\/regio10.hu\/en\/wp-json\/wp\/v2\/product\/17518\/revisions\/17991"}],"wp:featuredmedia":[{"embeddable":true,"href":"https:\/\/regio10.hu\/en\/wp-json\/wp\/v2\/media\/3208"}],"wp:attachment":[{"href":"https:\/\/regio10.hu\/en\/wp-json\/wp\/v2\/media?parent=17518"}],"wp:term":[{"taxonomy":"product_cat","embeddable":true,"href":"https:\/\/regio10.hu\/en\/wp-json\/wp\/v2\/product_cat?post=17518"},{"taxonomy":"product_tag","embeddable":true,"href":"https:\/\/regio10.hu\/en\/wp-json\/wp\/v2\/product_tag?post=17518"}],"curies":[{"name":"wp","href":"https:\/\/api.w.org\/{rel}","templated":true}]}}

<!-- This site is optimized with the Yoast SEO plugin v18.1 - https://yoast.com/wordpress/plugins/seo/ -->
<meta name="robots" content="index, follow, max-snippet:-1, max-image-preview:large, max-video-preview:-1" />
<link rel="canonical" href="https://regio10.hu/en/rendezveny/27th-international-conference-on-speech-and-computer-specom-2025/" />
<meta property="og:locale" content="en_US" />
<meta property="og:type" content="article" />
<meta property="og:title" content="27th International Conference on Speech and Computer SPECOM 2025 - Régió-10 Kft." />
<meta property="og:url" content="https://regio10.hu/en/rendezveny/27th-international-conference-on-speech-and-computer-specom-2025/" />
<meta property="og:site_name" content="Régió-10 Kft." />
<meta property="article:modified_time" content="2025-08-15T13:53:54+00:00" />
<meta property="og:image" content="http://regio10.hu/wp-content/uploads/2022/03/novotel2.jpg" />
	<meta property="og:image:width" content="400" />
	<meta property="og:image:height" content="265" />
	<meta property="og:image:type" content="image/jpeg" />
<meta name="twitter:card" content="summary_large_image" />
<script type="application/ld+json" class="yoast-schema-graph">{"@context":"https://schema.org","@graph":[{"@type":"WebSite","@id":"https://regio10.hu/#website","url":"https://regio10.hu/","name":"Régió-10 Kft.","description":"Rendezvényszervezés Szegeden és az egész országban","potentialAction":[{"@type":"SearchAction","target":{"@type":"EntryPoint","urlTemplate":"https://regio10.hu/?s={search_term_string}"},"query-input":"required name=search_term_string"}],"inLanguage":"en-US"},{"@type":"ImageObject","@id":"https://regio10.hu/en/rendezveny/27th-international-conference-on-speech-and-computer-specom-2025/#primaryimage","inLanguage":"en-US","url":"https://regio10.hu/wp-content/uploads/2022/03/novotel2.jpg","contentUrl":"https://regio10.hu/wp-content/uploads/2022/03/novotel2.jpg","width":400,"height":265},{"@type":"WebPage","@id":"https://regio10.hu/en/rendezveny/27th-international-conference-on-speech-and-computer-specom-2025/#webpage","url":"https://regio10.hu/en/rendezveny/27th-international-conference-on-speech-and-computer-specom-2025/","name":"27th International Conference on Speech and Computer SPECOM 2025 - Régió-10 Kft.","isPartOf":{"@id":"https://regio10.hu/#website"},"primaryImageOfPage":{"@id":"https://regio10.hu/en/rendezveny/27th-international-conference-on-speech-and-computer-specom-2025/#primaryimage"},"datePublished":"2025-06-10T09:56:20+00:00","dateModified":"2025-08-15T13:53:54+00:00","breadcrumb":{"@id":"https://regio10.hu/en/rendezveny/27th-international-conference-on-speech-and-computer-specom-2025/#breadcrumb"},"inLanguage":"en-US","potentialAction":[{"@type":"ReadAction","target":["https://regio10.hu/en/rendezveny/27th-international-conference-on-speech-and-computer-specom-2025/"]}]},{"@type":"BreadcrumbList","@id":"https://regio10.hu/en/rendezveny/27th-international-conference-on-speech-and-computer-specom-2025/#breadcrumb","itemListElement":[{"@type":"ListItem","position":1,"name":"Aktuális nemzetközi","item":"https://regio10.hu/termekkategoria/aktualis-nemzetkozi/"},{"@type":"ListItem","position":2,"name":"27th International Conference on Speech and Computer SPECOM 2025"}]}]}</script>
<!-- / Yoast SEO plugin. -->

27th International Conference on Speech and Computer SPECOM 2025 - Régió-10 Kft.

Régió-10 Kft.

Rendezvényszervezés Szegeden és az egész országban

Aktuális nemzetközi
