{"id":2405,"date":"2021-09-17T10:49:25","date_gmt":"2021-09-17T10:49:25","guid":{"rendered":"https:\/\/regio10.hu\/rendezveny\/2nd-conference-of-the-visegrad-group-society-for-developmental-biology\/"},"modified":"2023-03-13T08:42:47","modified_gmt":"2023-03-13T08:42:47","slug":"2nd-conference-of-the-visegrad-group-society-for-developmental-biology","status":"publish","type":"product","link":"https:\/\/regio10.hu\/en\/rendezveny\/2nd-conference-of-the-visegrad-group-society-for-developmental-biology\/","title":{"rendered":"2nd Conference of the Visegr\u00e1d Group Society for Developmental Biology"},"content":{"rendered":"","protected":false},"excerpt":{"rendered":"","protected":false},"featured_media":2641,"template":"","meta":[],"product_cat":[64],"product_tag":[108,69,70],"acf":[],"yoast_head":"<!-- This site is optimized with the Yoast SEO plugin v18.1 - https:\/\/yoast.com\/wordpress\/plugins\/seo\/ -->\n<meta name=\"robots\" content=\"index, follow, max-snippet:-1, max-image-preview:large, max-video-preview:-1\" \/>\n<link rel=\"canonical\" href=\"https:\/\/regio10.hu\/en\/rendezveny\/2nd-conference-of-the-visegrad-group-society-for-developmental-biology\/\" \/>\n<meta property=\"og:locale\" content=\"en_US\" \/>\n<meta property=\"og:type\" content=\"article\" \/>\n<meta property=\"og:title\" content=\"2nd Conference of the Visegr\u00e1d Group Society for Developmental Biology - R\u00e9gi\u00f3-10 Kft.\" \/>\n<meta property=\"og:url\" content=\"https:\/\/regio10.hu\/en\/rendezveny\/2nd-conference-of-the-visegrad-group-society-for-developmental-biology\/\" \/>\n<meta property=\"og:site_name\" content=\"R\u00e9gi\u00f3-10 Kft.\" \/>\n<meta property=\"article:modified_time\" content=\"2023-03-13T08:42:47+00:00\" \/>\n<meta property=\"og:image\" content=\"http:\/\/regio10.hu\/wp-content\/uploads\/2021\/09\/v4sdb-fejlec_2021-2-1.png\" \/>\n\t<meta property=\"og:image:width\" content=\"1244\" \/>\n\t<meta property=\"og:image:height\" content=\"655\" \/>\n\t<meta property=\"og:image:type\" content=\"image\/png\" \/>\n<meta name=\"twitter:card\" content=\"summary_large_image\" \/>\n<script type=\"application\/ld+json\" class=\"yoast-schema-graph\">{\"@context\":\"https:\/\/schema.org\",\"@graph\":[{\"@type\":\"WebSite\",\"@id\":\"https:\/\/regio10.hu\/#website\",\"url\":\"https:\/\/regio10.hu\/\",\"name\":\"R\u00e9gi\u00f3-10 Kft.\",\"description\":\"Rendezv\u00e9nyszervez\u00e9s Szegeden \u00e9s az eg\u00e9sz orsz\u00e1gban\",\"potentialAction\":[{\"@type\":\"SearchAction\",\"target\":{\"@type\":\"EntryPoint\",\"urlTemplate\":\"https:\/\/regio10.hu\/?s={search_term_string}\"},\"query-input\":\"required name=search_term_string\"}],\"inLanguage\":\"en-US\"},{\"@type\":\"ImageObject\",\"@id\":\"https:\/\/regio10.hu\/en\/rendezveny\/2nd-conference-of-the-visegrad-group-society-for-developmental-biology\/#primaryimage\",\"inLanguage\":\"en-US\",\"url\":\"https:\/\/regio10.hu\/wp-content\/uploads\/2021\/09\/v4sdb-fejlec_2021-2-1.png\",\"contentUrl\":\"https:\/\/regio10.hu\/wp-content\/uploads\/2021\/09\/v4sdb-fejlec_2021-2-1.png\",\"width\":1244,\"height\":655},{\"@type\":\"WebPage\",\"@id\":\"https:\/\/regio10.hu\/en\/rendezveny\/2nd-conference-of-the-visegrad-group-society-for-developmental-biology\/#webpage\",\"url\":\"https:\/\/regio10.hu\/en\/rendezveny\/2nd-conference-of-the-visegrad-group-society-for-developmental-biology\/\",\"name\":\"2nd Conference of the Visegr\u00e1d Group Society for Developmental Biology - R\u00e9gi\u00f3-10 Kft.\",\"isPartOf\":{\"@id\":\"https:\/\/regio10.hu\/#website\"},\"primaryImageOfPage\":{\"@id\":\"https:\/\/regio10.hu\/en\/rendezveny\/2nd-conference-of-the-visegrad-group-society-for-developmental-biology\/#primaryimage\"},\"datePublished\":\"2021-09-17T10:49:25+00:00\",\"dateModified\":\"2023-03-13T08:42:47+00:00\",\"breadcrumb\":{\"@id\":\"https:\/\/regio10.hu\/en\/rendezveny\/2nd-conference-of-the-visegrad-group-society-for-developmental-biology\/#breadcrumb\"},\"inLanguage\":\"en-US\",\"potentialAction\":[{\"@type\":\"ReadAction\",\"target\":[\"https:\/\/regio10.hu\/en\/rendezveny\/2nd-conference-of-the-visegrad-group-society-for-developmental-biology\/\"]}]},{\"@type\":\"BreadcrumbList\",\"@id\":\"https:\/\/regio10.hu\/en\/rendezveny\/2nd-conference-of-the-visegrad-group-society-for-developmental-biology\/#breadcrumb\",\"itemListElement\":[{\"@type\":\"ListItem\",\"position\":1,\"name\":\"Lez\u00e1rult nemzetk\u00f6zi\",\"item\":\"https:\/\/regio10.hu\/termekkategoria\/lezarult-nemzetkozi\/\"},{\"@type\":\"ListItem\",\"position\":2,\"name\":\"2nd Conference of the Visegr\u00e1d Group Society for Developmental Biology\"}]}]}<\/script>\n<!-- \/ Yoast SEO plugin. -->","yoast_head_json":{"robots":{"index":"index","follow":"follow","max-snippet":"max-snippet:-1","max-image-preview":"max-image-preview:large","max-video-preview":"max-video-preview:-1"},"canonical":"https:\/\/regio10.hu\/en\/rendezveny\/2nd-conference-of-the-visegrad-group-society-for-developmental-biology\/","og_locale":"en_US","og_type":"article","og_title":"2nd Conference of the Visegr\u00e1d Group Society for Developmental Biology - R\u00e9gi\u00f3-10 Kft.","og_url":"https:\/\/regio10.hu\/en\/rendezveny\/2nd-conference-of-the-visegrad-group-society-for-developmental-biology\/","og_site_name":"R\u00e9gi\u00f3-10 Kft.","article_modified_time":"2023-03-13T08:42:47+00:00","og_image":[{"width":1244,"height":655,"url":"http:\/\/regio10.hu\/wp-content\/uploads\/2021\/09\/v4sdb-fejlec_2021-2-1.png","type":"image\/png"}],"twitter_card":"summary_large_image","schema":{"@context":"https:\/\/schema.org","@graph":[{"@type":"WebSite","@id":"https:\/\/regio10.hu\/#website","url":"https:\/\/regio10.hu\/","name":"R\u00e9gi\u00f3-10 Kft.","description":"Rendezv\u00e9nyszervez\u00e9s Szegeden \u00e9s az eg\u00e9sz orsz\u00e1gban","potentialAction":[{"@type":"SearchAction","target":{"@type":"EntryPoint","urlTemplate":"https:\/\/regio10.hu\/?s={search_term_string}"},"query-input":"required name=search_term_string"}],"inLanguage":"en-US"},{"@type":"ImageObject","@id":"https:\/\/regio10.hu\/en\/rendezveny\/2nd-conference-of-the-visegrad-group-society-for-developmental-biology\/#primaryimage","inLanguage":"en-US","url":"https:\/\/regio10.hu\/wp-content\/uploads\/2021\/09\/v4sdb-fejlec_2021-2-1.png","contentUrl":"https:\/\/regio10.hu\/wp-content\/uploads\/2021\/09\/v4sdb-fejlec_2021-2-1.png","width":1244,"height":655},{"@type":"WebPage","@id":"https:\/\/regio10.hu\/en\/rendezveny\/2nd-conference-of-the-visegrad-group-society-for-developmental-biology\/#webpage","url":"https:\/\/regio10.hu\/en\/rendezveny\/2nd-conference-of-the-visegrad-group-society-for-developmental-biology\/","name":"2nd Conference of the Visegr\u00e1d Group Society for Developmental Biology - R\u00e9gi\u00f3-10 Kft.","isPartOf":{"@id":"https:\/\/regio10.hu\/#website"},"primaryImageOfPage":{"@id":"https:\/\/regio10.hu\/en\/rendezveny\/2nd-conference-of-the-visegrad-group-society-for-developmental-biology\/#primaryimage"},"datePublished":"2021-09-17T10:49:25+00:00","dateModified":"2023-03-13T08:42:47+00:00","breadcrumb":{"@id":"https:\/\/regio10.hu\/en\/rendezveny\/2nd-conference-of-the-visegrad-group-society-for-developmental-biology\/#breadcrumb"},"inLanguage":"en-US","potentialAction":[{"@type":"ReadAction","target":["https:\/\/regio10.hu\/en\/rendezveny\/2nd-conference-of-the-visegrad-group-society-for-developmental-biology\/"]}]},{"@type":"BreadcrumbList","@id":"https:\/\/regio10.hu\/en\/rendezveny\/2nd-conference-of-the-visegrad-group-society-for-developmental-biology\/#breadcrumb","itemListElement":[{"@type":"ListItem","position":1,"name":"Lez\u00e1rult nemzetk\u00f6zi","item":"https:\/\/regio10.hu\/termekkategoria\/lezarult-nemzetkozi\/"},{"@type":"ListItem","position":2,"name":"2nd Conference of the Visegr\u00e1d Group Society for Developmental Biology"}]}]}},"_links":{"self":[{"href":"https:\/\/regio10.hu\/en\/wp-json\/wp\/v2\/product\/2405"}],"collection":[{"href":"https:\/\/regio10.hu\/en\/wp-json\/wp\/v2\/product"}],"about":[{"href":"https:\/\/regio10.hu\/en\/wp-json\/wp\/v2\/types\/product"}],"version-history":[{"count":3,"href":"https:\/\/regio10.hu\/en\/wp-json\/wp\/v2\/product\/2405\/revisions"}],"predecessor-version":[{"id":9525,"href":"https:\/\/regio10.hu\/en\/wp-json\/wp\/v2\/product\/2405\/revisions\/9525"}],"wp:featuredmedia":[{"embeddable":true,"href":"https:\/\/regio10.hu\/en\/wp-json\/wp\/v2\/media\/2641"}],"wp:attachment":[{"href":"https:\/\/regio10.hu\/en\/wp-json\/wp\/v2\/media?parent=2405"}],"wp:term":[{"taxonomy":"product_cat","embeddable":true,"href":"https:\/\/regio10.hu\/en\/wp-json\/wp\/v2\/product_cat?post=2405"},{"taxonomy":"product_tag","embeddable":true,"href":"https:\/\/regio10.hu\/en\/wp-json\/wp\/v2\/product_tag?post=2405"}],"curies":[{"name":"wp","href":"https:\/\/api.w.org\/{rel}","templated":true}]}}

2nd Conference of the Visegrád Group Society for Developmental Biology

<!-- This site is optimized with the Yoast SEO plugin v18.1 - https://yoast.com/wordpress/plugins/seo/ -->
<meta name="robots" content="index, follow, max-snippet:-1, max-image-preview:large, max-video-preview:-1" />
<link rel="canonical" href="https://regio10.hu/en/rendezveny/2nd-conference-of-the-visegrad-group-society-for-developmental-biology/" />
<meta property="og:locale" content="en_US" />
<meta property="og:type" content="article" />
<meta property="og:title" content="2nd Conference of the Visegrád Group Society for Developmental Biology - Régió-10 Kft." />
<meta property="og:url" content="https://regio10.hu/en/rendezveny/2nd-conference-of-the-visegrad-group-society-for-developmental-biology/" />
<meta property="og:site_name" content="Régió-10 Kft." />
<meta property="article:modified_time" content="2023-03-13T08:42:47+00:00" />
<meta property="og:image" content="http://regio10.hu/wp-content/uploads/2021/09/v4sdb-fejlec_2021-2-1.png" />
	<meta property="og:image:width" content="1244" />
	<meta property="og:image:height" content="655" />
	<meta property="og:image:type" content="image/png" />
<meta name="twitter:card" content="summary_large_image" />
<script type="application/ld+json" class="yoast-schema-graph">{"@context":"https://schema.org","@graph":[{"@type":"WebSite","@id":"https://regio10.hu/#website","url":"https://regio10.hu/","name":"Régió-10 Kft.","description":"Rendezvényszervezés Szegeden és az egész országban","potentialAction":[{"@type":"SearchAction","target":{"@type":"EntryPoint","urlTemplate":"https://regio10.hu/?s={search_term_string}"},"query-input":"required name=search_term_string"}],"inLanguage":"en-US"},{"@type":"ImageObject","@id":"https://regio10.hu/en/rendezveny/2nd-conference-of-the-visegrad-group-society-for-developmental-biology/#primaryimage","inLanguage":"en-US","url":"https://regio10.hu/wp-content/uploads/2021/09/v4sdb-fejlec_2021-2-1.png","contentUrl":"https://regio10.hu/wp-content/uploads/2021/09/v4sdb-fejlec_2021-2-1.png","width":1244,"height":655},{"@type":"WebPage","@id":"https://regio10.hu/en/rendezveny/2nd-conference-of-the-visegrad-group-society-for-developmental-biology/#webpage","url":"https://regio10.hu/en/rendezveny/2nd-conference-of-the-visegrad-group-society-for-developmental-biology/","name":"2nd Conference of the Visegrád Group Society for Developmental Biology - Régió-10 Kft.","isPartOf":{"@id":"https://regio10.hu/#website"},"primaryImageOfPage":{"@id":"https://regio10.hu/en/rendezveny/2nd-conference-of-the-visegrad-group-society-for-developmental-biology/#primaryimage"},"datePublished":"2021-09-17T10:49:25+00:00","dateModified":"2023-03-13T08:42:47+00:00","breadcrumb":{"@id":"https://regio10.hu/en/rendezveny/2nd-conference-of-the-visegrad-group-society-for-developmental-biology/#breadcrumb"},"inLanguage":"en-US","potentialAction":[{"@type":"ReadAction","target":["https://regio10.hu/en/rendezveny/2nd-conference-of-the-visegrad-group-society-for-developmental-biology/"]}]},{"@type":"BreadcrumbList","@id":"https://regio10.hu/en/rendezveny/2nd-conference-of-the-visegrad-group-society-for-developmental-biology/#breadcrumb","itemListElement":[{"@type":"ListItem","position":1,"name":"Lezárult nemzetközi","item":"https://regio10.hu/termekkategoria/lezarult-nemzetkozi/"},{"@type":"ListItem","position":2,"name":"2nd Conference of the Visegrád Group Society for Developmental Biology"}]}]}</script>
<!-- / Yoast SEO plugin. -->

2nd Conference of the Visegrád Group Society for Developmental Biology - Régió-10 Kft.

Régió-10 Kft.

Rendezvényszervezés Szegeden és az egész országban

Lezárult nemzetközi
